{"id":4766,"date":"2023-09-03T20:02:10","date_gmt":"2023-09-03T18:02:10","guid":{"rendered":"https:\/\/idolos-store.com\/?post_type=product&#038;p=4766"},"modified":"2023-09-03T20:02:10","modified_gmt":"2023-09-03T18:02:10","slug":"mochila-teen-19-20","status":"publish","type":"product","link":"https:\/\/idolos-store.com\/?product=mochila-teen-19-20","title":{"rendered":"Mochila Teen 19-20"},"content":{"rendered":"<p>Mochila Oficial del Valencia C.F.<\/p>\n<p>Medidas (cm): 33x44x14<\/p>\n<p>Mochila escolar adaptable a carro portamochilas, gracias a sus cintas traseras.<br \/>\nCuenta con un bolsillo principal de cremallera m\u00e1s gruesa y un compartimento acolchado para proteger el transporte de port\u00e1til o tablet.<br \/>\nDispone de un bolsillo frontal.<br \/>\nCuenta con espalda y tirantes ergon\u00f3micos, con tejido transpirable.<\/p>\n","protected":false},"excerpt":{"rendered":"<p>Mochila Oficial del Valencia C.F. Medidas (cm): 33x44x14 Mochila escolar adaptable a carro portamochilas, gracias a sus cintas traseras. Cuenta con un bolsillo principal de cremallera m\u00e1s gruesa y un compartimento acolchado para proteger el transporte de port\u00e1til o tablet. Dispone de un bolsillo frontal. Cuenta con espalda y tirantes ergon\u00f3micos, con tejido transpirable.<\/p>\n","protected":false},"featured_media":4769,"comment_status":"open","ping_status":"closed","template":"","meta":{"site-sidebar-layout":"default","site-content-layout":"","ast-site-content-layout":"default","site-content-style":"default","site-sidebar-style":"default","ast-global-header-display":"","ast-banner-title-visibility":"","ast-main-header-display":"","ast-hfb-above-header-display":"","ast-hfb-below-header-display":"","ast-hfb-mobile-header-display":"","site-post-title":"","ast-breadcrumbs-content":"","ast-featured-img":"","footer-sml-layout":"","theme-transparent-header-meta":"default","adv-header-id-meta":"","stick-header-meta":"","header-above-stick-meta":"","header-main-stick-meta":"","header-below-stick-meta":"","astra-migrate-meta-layouts":"set","ast-page-background-enabled":"default","ast-page-background-meta":{"desktop":{"background-color":"var(--ast-global-color-4)","background-image":"","background-repeat":"repeat","background-position":"center center","background-size":"auto","background-attachment":"scroll","background-type":"","background-media":"","overlay-type":"","overlay-color":"","overlay-gradient":""},"tablet":{"background-color":"","background-image":"","background-repeat":"repeat","background-position":"center center","background-size":"auto","background-attachment":"scroll","background-type":"","background-media":"","overlay-type":"","overlay-color":"","overlay-gradient":""},"mobile":{"background-color":"","background-image":"","background-repeat":"repeat","background-position":"center center","background-size":"auto","background-attachment":"scroll","background-type":"","background-media":"","overlay-type":"","overlay-color":"","overlay-gradient":""}},"ast-content-background-meta":{"desktop":{"background-color":"var(--ast-global-color-5)","background-image":"","background-repeat":"repeat","background-position":"center center","background-size":"auto","background-attachment":"scroll","background-type":"","background-media":"","overlay-type":"","overlay-color":"","overlay-gradient":""},"tablet":{"background-color":"var(--ast-global-color-5)","background-image":"","background-repeat":"repeat","background-position":"center center","background-size":"auto","background-attachment":"scroll","background-type":"","background-media":"","overlay-type":"","overlay-color":"","overlay-gradient":""},"mobile":{"background-color":"var(--ast-global-color-5)","background-image":"","background-repeat":"repeat","background-position":"center center","background-size":"auto","background-attachment":"scroll","background-type":"","background-media":"","overlay-type":"","overlay-color":"","overlay-gradient":""}},"_joinchat":[]},"product_cat":[76,15,103],"product_tag":[],"class_list":{"0":"post-4766","1":"product","2":"type-product","3":"status-publish","4":"has-post-thumbnail","6":"product_cat-laliga","7":"product_cat-valenciacf","8":"product_cat-mochilasycomplementos","9":"desktop-align-center","10":"tablet-align-left","11":"mobile-align-left","12":"ast-product-gallery-layout-first-image-large","13":"ast-product-gallery-with-no-image","14":"ast-product-tabs-layout-accordion","15":"ast-qv-on-image","17":"first","18":"instock","19":"sale","20":"taxable","21":"shipping-taxable","22":"purchasable","23":"product-type-simple"},"jetpack_sharing_enabled":true,"_links":{"self":[{"href":"https:\/\/idolos-store.com\/index.php?rest_route=\/wp\/v2\/product\/4766","targetHints":{"allow":["GET"]}}],"collection":[{"href":"https:\/\/idolos-store.com\/index.php?rest_route=\/wp\/v2\/product"}],"about":[{"href":"https:\/\/idolos-store.com\/index.php?rest_route=\/wp\/v2\/types\/product"}],"replies":[{"embeddable":true,"href":"https:\/\/idolos-store.com\/index.php?rest_route=%2Fwp%2Fv2%2Fcomments&post=4766"}],"version-history":[{"count":1,"href":"https:\/\/idolos-store.com\/index.php?rest_route=\/wp\/v2\/product\/4766\/revisions"}],"predecessor-version":[{"id":4770,"href":"https:\/\/idolos-store.com\/index.php?rest_route=\/wp\/v2\/product\/4766\/revisions\/4770"}],"wp:featuredmedia":[{"embeddable":true,"href":"https:\/\/idolos-store.com\/index.php?rest_route=\/wp\/v2\/media\/4769"}],"wp:attachment":[{"href":"https:\/\/idolos-store.com\/index.php?rest_route=%2Fwp%2Fv2%2Fmedia&parent=4766"}],"wp:term":[{"taxonomy":"product_cat","embeddable":true,"href":"https:\/\/idolos-store.com\/index.php?rest_route=%2Fwp%2Fv2%2Fproduct_cat&post=4766"},{"taxonomy":"product_tag","embeddable":true,"href":"https:\/\/idolos-store.com\/index.php?rest_route=%2Fwp%2Fv2%2Fproduct_tag&post=4766"}],"curies":[{"name":"wp","href":"https:\/\/api.w.org\/{rel}","templated":true}]}}